ommon factor of 2132 and 104?
52
Calculate the greatest common factor of 132 and 88.
44
Calculate the highest common factor of 33 and 57.
3
What is the greatest common factor of 442 and 234?
26
Calculate the greatest common divisor of 9486 and 62.
62
Calculate the highest common divisor of 1 and 1306.
1
Calculate the greatest common factor of 96 and 48.
48
What is the highest common factor of 1738 and 22?
22
Calculate the highest common divisor of 2375 and 95.
95
What is the greatest common factor of 21 and 413?
7
What is the greatest common factor of 551 and 19?
19
What is the greatest common divisor of 40 and 4220?
20
What is the greatest common divisor of 55 and 40?
5
What is the greatest common divisor of 890 and 10?
10
What is the highest common divisor of 143 and 11?
11
Calculate the greatest common divisor of 5322 and 24.
6
Calculate the highest common factor of 876 and 60.
12
What is the greatest common factor of 299 and 92?
23
What is the highest common divisor of 1096 and 568?
8
Calculate the highest common divisor of 116 and 261.
29
Calculate the greatest common divisor of 56 and 21.
7
Calculate the greatest common divisor of 416 and 64.
32
What is the highest common divisor of 391 and 34?
17
Calculate the greatest common factor of 24 and 856.
8
Calculate the greatest common factor of 29715 and 210.
105
Calculate the highest common factor of 247 and 117.
13
Calculate the highest common factor of 294 and 10.
2
Calculate the greatest common divisor of 11 and 179.
1
Calculate the highest common factor of 198 and 55.
11
What is the greatest common factor of 12469 and 1348?
337
Calculate the highest common factor of 56 and 24.
8
Calculate the highest common divisor of 1406 and 148.
74
What is the highest common divisor of 43 and 22489?
43
Calculate the highest common factor of 141 and 94.
47
What is the highest common divisor of 592 and 3700?
148
What is the greatest common divisor of 485 and 5?
5
What is the highest common divisor of 368 and 69?
23
What is the highest common factor of 38 and 304?
38
Calculate the highest common divisor of 102 and 4335.
51
What is the highest common divisor of 56 and 3416?
56
What is the highest common factor of 195 and 559?
13
What is the highest common factor of 164 and 36?
4
What is the greatest common factor of 5447 and 13?
13
What is the greatest common divisor of 13 and 2314?
13
Calculate the greatest common factor of 266 and 57.
19
What is the highest common divisor of 323 and 51?
17
What is the highest common divisor of 18 and 4296?
6
Calculate the greatest common factor of 7375 and 125.
125
What is the greatest common divisor of 27 and 621?
27
What is the highest common factor of 442 and 68?
34
Calculate the highest common factor of 3906 and 248.
62
Calculate the highest common factor of 1755 and 130.
65
Calculate the greatest common divisor of 361 and 57.
19
What is the greatest common factor of 513 and 38?
19
Calculate the highest common divisor of 45 and 165.
15
What is the highest common divisor of 24 and 48?
24
Calculate the highest common divisor of 30 and 15230.
10
Calculate the highest common divisor of 109 and 37387.
109
Calculate the greatest common divisor of 4375 and 14.
7
Calculate the greatest common divisor of 90 and 486.
18
Calculate the greatest common factor of 1820 and 56.
28
What is the greatest common factor of 700 and 28?
28
What is the greatest common factor of 8957 and 169?
169
Calculate the greatest common divisor of 52 and 221.
13
What is the greatest common factor of 16 and 4?
4
Calculate the greatest common divisor of 121 and 33.
11
Calculate the highest common divisor of 14 and 6986.
14
Calculate the highest common factor of 728 and 70.
14
Calculate the highest common divisor of 156 and 360.
12
What is the greatest common factor of 272 and 51?
17
What is the greatest common factor of 22 and 13970?
22
Calculate the greatest common factor of 624 and 328.
8
Calculate the greatest common factor of 3910 and 40.
10
What is the greatest common factor of 868 and 28?
28
What is the greatest common divisor of 7056 and 21?
21
Calculate the highest common factor of 540 and 120.
60
Calculate the highest common divisor of 20 and 3130.
10
Calculate the highest common factor of 1081 and 161.
23
Calculate the greatest common factor of 10 and 170.
10
What is the greatest common factor of 56476 and 56?
28
Calculate the greatest common divisor of 1323 and 196.
49
What is the greatest common factor of 95 and 20?
5
Calculate the highest common divisor of 15 and 8235.
15
Calculate the greatest common factor of 192 and 624.
48
What is the greatest common factor of 24 and 68?
4
What is the highest common divisor of 192 and 228?
12
Calculate the greatest common factor of 52 and 2210.
26
Calculate the highest common divisor of 1316 and 98.
14
What is the greatest common factor of 209 and 8778?
209
What is the highest common factor of 30 and 102?
6
Calculate the greatest common factor of 9815 and 151.
151
What is the highest common divisor of 1014 and 156?
78
What is the highest common divisor of 13 and 1963?
13
Calculate the highest common divisor of 1248 and 276.
12
Calculate the greatest common divisor of 46 and 69.
23
Calculate the highest common divisor of 8640 and 32.
32
Calculate the highest common divisor of 12 and 60.
12
What is the greatest common factor of 10 and 2840?
10
What is the greatest common divisor of 3026 and 170?
34
What is the greatest common factor of 100 and 620?
20
What is the highest common factor of 27 and 1?
1
What is the greatest common divisor of 994 and 112?
14
What is the greatest common factor of 352 and 45056?
352
What is the greatest common factor of 2761 and 33?
11
Calculate the greatest common divisor of 208 and 12636.
52
What is the highest common divisor of 195 and 39?
39
What is the highest common divisor of 30 and 690?
30
What is the greatest common divisor of 8 and 2368?
8
What is the highest common factor of 221 and 765?
17
What is the highest common factor of 624 and 2418?
78
What is the greatest common factor of 46 and 26473?
23
What is the greatest common divisor of 204 and 168?
12
What is the greatest common factor of 235 and 1504?
47
What is the highest common divisor of 481 and 39?
13
What is the highest common factor of 904 and 16?
8
What is the greatest common divisor of 3829 and 49?
7
What is the greatest common divisor of 12 and 114?
6
Calculate the highest common divisor of 182 and 26.
26
What is the highest common factor of 23 and 13639?
23
Calculate the greatest common factor of 160 and 520.
40
What is the highest common factor of 8 and 124?
4
Calculate the highest common divisor of 1701 and 147.
21
What is the highest common divisor of 16107 and 26?
13
What is the greatest common divisor of 67 and 1072?
67
Calculate the highest common divisor of 27 and 918.
27
What is the greatest common divisor of 68 and 2516?
68
Calculate the greatest common factor of 26 and 9295.
13
Calculate the greatest common divisor of 546 and 56.
14
Calculate the greatest common factor of 1053 and 13.
13
Calculate the highest common divisor of 548 and 14385.
137
Calculate the highest common divisor of 5575 and 75.
25
Calculate the highest common divisor of 5985 and 133.
133
What is the greatest common divisor of 728 and 91?
91
What is the highest common divisor of 7742 and 316?
158
Calculate the greatest common factor of 8 and 560.
8
Calculate the highest common divisor of 15 and 155.
5
What is the greatest common divisor of 736 and 12328?
184
What is the highest common divisor of 15 and 165?
15
What is the highest common divisor of 8224 and 32?
32
What is the highest common factor of 285 and 399?
57
What is the highest common factor of 61 and 2989?
61
What is the highest common factor of 345 and 60?
15
What is the greatest common factor of 47056 and 17?
17
Calculate the greatest common divisor of 97 and 51313.
97
Calculate the highest common divisor of 896 and 427.
7
Calculate the highest common factor of 12 and 537.
3
Calculate the highest common divisor of 417 and 3.
3
Calculate the greatest common factor of 16 and 1480.
8
Calculate the highest common divisor of 91 and 6461.
91
Calculate the greatest common divisor of 28 and 5530.
14
What is the highest c